{"id":6,"date":"2012-04-15T11:39:50","date_gmt":"2012-04-15T11:39:50","guid":{"rendered":"http:\/\/www.manuelabergamin.ch\/?page_id=6"},"modified":"2026-05-05T17:57:00","modified_gmt":"2026-05-05T15:57:00","slug":"accueil","status":"publish","type":"page","link":"https:\/\/www.manuelabergamin.ch\/","title":{"rendered":"Accueil"},"content":{"rendered":"\n<p><\/p>\n\n\n\n<p><\/p>\n\n\n<p style=\"text-align: center;\"><span style=\"font-family: trebuchet ms,geneva; font-size: 16px;\">Offrez vous des soins r\u00e9g\u00e9n\u00e9rants de qualit\u00e9 <\/span><br \/><span style=\"font-family: trebuchet ms,geneva; font-size: 16px;\">dans un espace accueillant; <\/span><br \/><span style=\"font-family: trebuchet ms,geneva; font-size: 16px;\">venez y d\u00e9poser vos fardeaux, <\/span><br \/><span style=\"font-family: trebuchet ms,geneva; font-size: 16px;\">d\u00e9nouer ventre, nuque, dos, <\/span><br \/><span style=\"font-family: trebuchet ms,geneva; font-size: 16px;\">all\u00e9ger vos maux. \u00a0<\/span><br \/><span style=\"font-family: trebuchet ms,geneva; font-size: 16px;\">Un rendez-vous\u00a0 pour vous ressourcer, <\/span><br \/><span style=\"font-family: trebuchet ms,geneva; font-size: 16px;\">red\u00e9finir vos priorit\u00e9s, <\/span><br \/><span style=\"font-family: trebuchet ms,geneva; font-size: 16px;\">r\u00e9parer vos filets <\/span><br \/><span style=\"font-family: trebuchet ms,geneva; font-size: 16px;\">et repartir en haute mer,\u00a0 <\/span><br \/><span style=\"font-family: trebuchet ms,geneva; font-size: 16px;\">le coeur plus serein <\/span><br \/><span style=\"font-family: trebuchet ms,geneva; font-size: 16px;\">et le corps all\u00e9g\u00e9.<\/span><\/p>\n<h4 style=\"text-align: center;\"><a href=\"https:\/\/www.manuelabergamin.ch\/wp-content\/uploads\/2012\/04\/accueil.jpg\"><img loading=\"lazy\" decoding=\"async\" class=\"wp-image-25 aligncenter\" title=\"accueil\" src=\"https:\/\/www.manuelabergamin.ch\/wp-content\/uploads\/2012\/04\/accueil.jpg\" alt=\"\" width=\"358\" height=\"150\" \/><\/a><\/h4>\n<table style=\"border-collapse: collapse; width: 100%;\">\n<tbody>\n<tr>\n<td style=\"width: 100%;\">\n<h4 style=\"text-align: center;\">Manuela Bergamin \u2022 Rue Auguste Bachelin 37 \u2022 2000 Neuch\u00e2tel \u2022 078\u00a0 860 20 97 \u2022 <a href=\"mailto:manuela@manuelabergamin.ch\">manuela@manuelabergamin.ch<\/a><\/h4>\n<\/td>\n<\/tr>\n<\/tbody>\n<\/table>\n<p>\u00a0<\/p>","protected":false},"excerpt":{"rendered":"<p>Offrez vous des soins r\u00e9g\u00e9n\u00e9rants de qualit\u00e9 dans un espace accueillant; venez y d\u00e9poser vos fardeaux, d\u00e9nouer ventre, nuque, dos, all\u00e9ger vos maux. \u00a0Un rendez-vous\u00a0 pour vous ressourcer, red\u00e9finir vos priorit\u00e9s, r\u00e9parer vos filets et repartir en haute mer,\u00a0 le &hellip; <a class=\"more-link\" href=\"https:\/\/www.manuelabergamin.ch\/\">Lire la suite <span class=\"meta-nav\">&rarr;<\/span><\/a><\/p>\n","protected":false},"author":1,"featured_media":0,"parent":0,"menu_order":0,"comment_status":"closed","ping_status":"closed","template":"","meta":{"footnotes":""},"class_list":["post-6","page","type-page","status-publish","hentry"],"_links":{"self":[{"href":"https:\/\/www.manuelabergamin.ch\/index.php?rest_route=\/wp\/v2\/pages\/6","targetHints":{"allow":["GET"]}}],"collection":[{"href":"https:\/\/www.manuelabergamin.ch\/index.php?rest_route=\/wp\/v2\/pages"}],"about":[{"href":"https:\/\/www.manuelabergamin.ch\/index.php?rest_route=\/wp\/v2\/types\/page"}],"author":[{"embeddable":true,"href":"https:\/\/www.manuelabergamin.ch\/index.php?rest_route=\/wp\/v2\/users\/1"}],"replies":[{"embeddable":true,"href":"https:\/\/www.manuelabergamin.ch\/index.php?rest_route=%2Fwp%2Fv2%2Fcomments&post=6"}],"version-history":[{"count":68,"href":"https:\/\/www.manuelabergamin.ch\/index.php?rest_route=\/wp\/v2\/pages\/6\/revisions"}],"predecessor-version":[{"id":1008,"href":"https:\/\/www.manuelabergamin.ch\/index.php?rest_route=\/wp\/v2\/pages\/6\/revisions\/1008"}],"wp:attachment":[{"href":"https:\/\/www.manuelabergamin.ch\/index.php?rest_route=%2Fwp%2Fv2%2Fmedia&parent=6"}],"curies":[{"name":"wp","href":"https:\/\/api.w.org\/{rel}","templated":true}]}}